{"id":2017,"date":"2025-10-20T16:32:04","date_gmt":"2025-10-20T14:32:04","guid":{"rendered":"https:\/\/mariaisabel.mdrurales.com\/?page_id=2017"},"modified":"2025-10-20T16:50:12","modified_gmt":"2025-10-20T14:50:12","slug":"videos","status":"publish","type":"page","link":"https:\/\/mariaisabel.mdrurales.com\/?page_id=2017","title":{"rendered":"VIDEOS"},"content":{"rendered":"<div id=\"pl-2017\"  class=\"panel-layout\" ><div id=\"pg-2017-0\"  class=\"panel-grid panel-no-style\" ><div id=\"pgc-2017-0-0\"  class=\"panel-grid-cell\" ><div id=\"panel-2017-0-0-0\" class=\"so-panel widget widget_headline-widget panel-first-child\" data-index=\"0\" >\t\t<h1>VIDEOS<\/h1>\n\t\t<div class=\"decoration\"><div class=\"decoration-inside\"><\/div><\/div>\n\t\t<h3><\/h3>\n\t\t<\/div><div id=\"panel-2017-0-0-1\" class=\"so-panel widget widget_media_video\" data-index=\"1\" ><h3 class=\"widget-title\">JEREZ DE LA FRONTERA, 14 octubre 2025 -Presentaci\u00f3n de la primera biograf\u00eda de Mar\u00eda Isabel Gonzalez del Valle: \u00abEstoy enamorada del Se\u00f1or\u00bb<\/h3><div style=\"width:100%;\" class=\"wp-video\"><video class=\"wp-video-shortcode\" id=\"video-2017-1\" preload=\"metadata\" controls=\"controls\"><source type=\"video\/youtube\" src=\"https:\/\/www.youtube.com\/watch?v=HUOWFiupNIg&#038;pp=ygUxUFJFU0VOVEFDSU9OIERFTCBMSUJSTyBlc3RveSBlbmFtb3JhZGEgZGVsIHNlw7FvctIHCQn8CQGHKiGM7w%3D%3D&#038;_=1\" \/><a href=\"https:\/\/www.youtube.com\/watch?v=HUOWFiupNIg&#038;pp=ygUxUFJFU0VOVEFDSU9OIERFTCBMSUJSTyBlc3RveSBlbmFtb3JhZGEgZGVsIHNlw7FvctIHCQn8CQGHKiGM7w%3D%3D\">https:\/\/www.youtube.com\/watch?v=HUOWFiupNIg&#038;pp=ygUxUFJFU0VOVEFDSU9OIERFTCBMSUJSTyBlc3RveSBlbmFtb3JhZGEgZGVsIHNlw7FvctIHCQn8CQGHKiGM7w%3D%3D<\/a><\/video><\/div><\/div><div id=\"panel-2017-0-0-2\" class=\"so-panel widget widget_media_video\" data-index=\"2\" ><h3 class=\"widget-title\">OVIEDO, 7 octubre 2025 -Presentaci\u00f3n de la primera biograf\u00eda de Mar\u00eda Isabel Gonzalez del Valle: \u00abEstoy enamorada del Se\u00f1or\u00bb<\/h3><div style=\"width:100%;\" class=\"wp-video\"><video class=\"wp-video-shortcode\" id=\"video-2017-2\" preload=\"metadata\" controls=\"controls\"><source type=\"video\/youtube\" src=\"https:\/\/www.youtube.com\/watch?v=-RhP9D5dmnM&#038;t=852s&#038;pp=ygUxUFJFU0VOVEFDSU9OIERFTCBMSUJSTyBlc3RveSBlbmFtb3JhZGEgZGVsIHNlw7Fvcg%3D%3D&#038;_=2\" \/><a href=\"https:\/\/www.youtube.com\/watch?v=-RhP9D5dmnM&#038;t=852s&#038;pp=ygUxUFJFU0VOVEFDSU9OIERFTCBMSUJSTyBlc3RveSBlbmFtb3JhZGEgZGVsIHNlw7Fvcg%3D%3D\">https:\/\/www.youtube.com\/watch?v=-RhP9D5dmnM&#038;t=852s&#038;pp=ygUxUFJFU0VOVEFDSU9OIERFTCBMSUJSTyBlc3RveSBlbmFtb3JhZGEgZGVsIHNlw7Fvcg%3D%3D<\/a><\/video><\/div><\/div><div id=\"panel-2017-0-0-3\" class=\"so-panel widget widget_media_video\" data-index=\"3\" ><h3 class=\"widget-title\">M\u00c1LAGA, 13 junio 2025 -Presentaci\u00f3n de la primera biograf\u00eda de Mar\u00eda Isabel Gonzalez del Valle: \u00abEstoy enamorada del Se\u00f1or\u00bb<\/h3><div style=\"width:100%;\" class=\"wp-video\"><video class=\"wp-video-shortcode\" id=\"video-2017-3\" preload=\"metadata\" controls=\"controls\"><source type=\"video\/youtube\" src=\"https:\/\/www.youtube.com\/watch?v=wvmcuNJ5lfE&#038;t=22s&#038;pp=ygUxUFJFU0VOVEFDSU9OIERFTCBMSUJSTyBlc3RveSBlbmFtb3JhZGEgZGVsIHNlw7Fvcg%3D%3D&#038;_=3\" \/><a href=\"https:\/\/www.youtube.com\/watch?v=wvmcuNJ5lfE&#038;t=22s&#038;pp=ygUxUFJFU0VOVEFDSU9OIERFTCBMSUJSTyBlc3RveSBlbmFtb3JhZGEgZGVsIHNlw7Fvcg%3D%3D\">https:\/\/www.youtube.com\/watch?v=wvmcuNJ5lfE&#038;t=22s&#038;pp=ygUxUFJFU0VOVEFDSU9OIERFTCBMSUJSTyBlc3RveSBlbmFtb3JhZGEgZGVsIHNlw7Fvcg%3D%3D<\/a><\/video><\/div><\/div><div id=\"panel-2017-0-0-4\" class=\"so-panel widget widget_media_video panel-last-child\" data-index=\"4\" ><h3 class=\"widget-title\">M\u00c1LAGA, 18 noviembre 2023 -Acto jur\u00eddico de Apertura de la Causa de Canonizaci\u00f3n de Mar\u00eda Isabel Gonz\u00e1lez del Valle Sarandeses<\/h3><div style=\"width:100%;\" class=\"wp-video\"><video class=\"wp-video-shortcode\" id=\"video-2017-4\" preload=\"metadata\" controls=\"controls\"><source type=\"video\/youtube\" src=\"https:\/\/www.youtube.com\/watch?v=14k1SENqQuw&#038;t=5s&#038;pp=ygVCY2VyZW1vbmlvIGRlIGFwZXJ0dXJhIGRlIGxhIGNhdXNhIGRlIGJlYXRpZmljYWNpb24gZGUgbWFyaWEgaXNhYmVs&#038;_=4\" \/><a href=\"https:\/\/www.youtube.com\/watch?v=14k1SENqQuw&#038;t=5s&#038;pp=ygVCY2VyZW1vbmlvIGRlIGFwZXJ0dXJhIGRlIGxhIGNhdXNhIGRlIGJlYXRpZmljYWNpb24gZGUgbWFyaWEgaXNhYmVs\">https:\/\/www.youtube.com\/watch?v=14k1SENqQuw&#038;t=5s&#038;pp=ygVCY2VyZW1vbmlvIGRlIGFwZXJ0dXJhIGRlIGxhIGNhdXNhIGRlIGJlYXRpZmljYWNpb24gZGUgbWFyaWEgaXNhYmVs<\/a><\/video><\/div><\/div><\/div><\/div><\/div>","protected":false},"excerpt":{"rendered":"<p>VIDEOS JEREZ DE LA FRONTERA, 14 octubre 2025 -Presentaci\u00f3n de la primera biograf\u00eda de Mar\u00eda Isabel Gonzalez del Valle: \u00abEstoy enamorada del Se\u00f1or\u00bbhttps:\/\/www.youtube.com\/watch?v=HUOWFiupNIg&#038;pp=ygUxUFJFU0VOVEFDSU9OIERFTCBMSUJSTyBlc3RveSBlbmFtb3JhZGEgZGVsIHNlw7FvctIHCQn8CQGHKiGM7w%3D%3DOVIEDO, 7 octubre 2025 -Presentaci\u00f3n de la primera biograf\u00eda de Mar\u00eda Isabel Gonzalez del Valle: \u00abEstoy enamorada del Se\u00f1or\u00bbhttps:\/\/www.youtube.com\/watch?v=-RhP9D5dmnM&#038;t=852s&#038;pp=ygUxUFJFU0VOVEFDSU9OIERFTCBMSUJSTyBlc3RveSBlbmFtb3JhZGEgZGVsIHNlw7Fvcg%3D%3DM\u00c1LAGA, 13 junio 2025 -Presentaci\u00f3n de la primera biograf\u00eda de Mar\u00eda Isabel Gonzalez del Valle: [&hellip;]<\/p>\n","protected":false},"author":1,"featured_media":0,"parent":0,"menu_order":0,"comment_status":"closed","ping_status":"closed","template":"","meta":{"ngg_post_thumbnail":0,"footnotes":""},"class_list":["post-2017","page","type-page","status-publish","hentry","post"],"_links":{"self":[{"href":"https:\/\/mariaisabel.mdrurales.com\/index.php?rest_route=\/wp\/v2\/pages\/2017","targetHints":{"allow":["GET"]}}],"collection":[{"href":"https:\/\/mariaisabel.mdrurales.com\/index.php?rest_route=\/wp\/v2\/pages"}],"about":[{"href":"https:\/\/mariaisabel.mdrurales.com\/index.php?rest_route=\/wp\/v2\/types\/page"}],"author":[{"embeddable":true,"href":"https:\/\/mariaisabel.mdrurales.com\/index.php?rest_route=\/wp\/v2\/users\/1"}],"replies":[{"embeddable":true,"href":"https:\/\/mariaisabel.mdrurales.com\/index.php?rest_route=%2Fwp%2Fv2%2Fcomments&post=2017"}],"version-history":[{"count":5,"href":"https:\/\/mariaisabel.mdrurales.com\/index.php?rest_route=\/wp\/v2\/pages\/2017\/revisions"}],"predecessor-version":[{"id":2027,"href":"https:\/\/mariaisabel.mdrurales.com\/index.php?rest_route=\/wp\/v2\/pages\/2017\/revisions\/2027"}],"wp:attachment":[{"href":"https:\/\/mariaisabel.mdrurales.com\/index.php?rest_route=%2Fwp%2Fv2%2Fmedia&parent=2017"}],"curies":[{"name":"wp","href":"https:\/\/api.w.org\/{rel}","templated":true}]}}