{"id":233,"date":"2021-01-08T15:56:09","date_gmt":"2021-01-08T14:56:09","guid":{"rendered":"https:\/\/mariaisabel.mdrurales.com\/?page_id=233"},"modified":"2021-09-30T11:47:27","modified_gmt":"2021-09-30T09:47:27","slug":"las-doctrinas-rurales","status":"publish","type":"page","link":"https:\/\/mariaisabel.mdrurales.com\/?page_id=233","title":{"rendered":"HISTORIA"},"content":{"rendered":"<div id=\"pl-233\"  class=\"panel-layout\" ><div id=\"pg-233-0\"  class=\"panel-grid panel-has-style\" ><div class=\"siteorigin-panels-stretch panel-row-style panel-row-style-for-233-0\" data-stretch-type=\"full-stretched\" ><div id=\"pgc-233-0-0\"  class=\"panel-grid-cell\" ><div id=\"panel-233-0-0-0\" class=\"so-panel widget widget_sow-hero panel-first-child panel-last-child\" data-index=\"0\" ><div\n\t\t\t\n\t\t\tclass=\"so-widget-sow-hero so-widget-sow-hero-default-24bca58273b1-233 so-widget-fittext-wrapper\"\n\t\t\t data-fit-text-compressor=\"0.85\"\n\t\t>\t\t\t\t<div class=\"sow-slider-base\" style=\"display: none\" tabindex=\"0\">\n\t\t\t\t\t<ul\n\t\t\t\t\tclass=\"sow-slider-images\"\n\t\t\t\t\tdata-settings=\"{&quot;pagination&quot;:true,&quot;speed&quot;:800,&quot;timeout&quot;:8000,&quot;paused&quot;:false,&quot;pause_on_hover&quot;:false,&quot;swipe&quot;:true,&quot;nav_always_show_desktop&quot;:&quot;&quot;,&quot;nav_always_show_mobile&quot;:&quot;&quot;,&quot;breakpoint&quot;:&quot;780px&quot;,&quot;unmute&quot;:false,&quot;anchor&quot;:null}\"\n\t\t\t\t\tstyle=\"min-height: 450px\"\t\t\t\t\tdata-anchor-id=\"\"\n\t\t\t\t>\t\t<li class=\"sow-slider-image  sow-slider-image-cover\" style=\"visibility: visible;;background-color: #333333;background-image: url(https:\/\/mariaisabel.mdrurales.com\/wp-content\/uploads\/2021\/09\/0265_0001-scaled.jpg)\" >\n\t\t\t\t\t<div class=\"sow-slider-image-container\">\n\t\t\t<div class=\"sow-slider-image-wrapper\">\n\t\t\t\t<h1><span style=\"font-size: 36pt\">HISTORIA <\/span><\/h1>\n<h1>&nbsp;<\/h1>\n\t\t\t<\/div>\n\t\t<\/div>\n\t\t\t\t<\/li>\n\t\t<\/ul>\t\t\t\t<ol class=\"sow-slider-pagination\">\n\t\t\t\t\t\t\t\t\t\t\t<li><a href=\"#\" data-goto=\"0\" aria-label=\"mostrar diapositiva 1\"><\/a><\/li>\n\t\t\t\t\t\t\t\t\t<\/ol>\n\n\t\t\t\t<div class=\"sow-slide-nav sow-slide-nav-next\">\n\t\t\t\t\t<a href=\"#\" data-goto=\"next\" aria-label=\"diapositiva siguiente\" data-action=\"next\">\n\t\t\t\t\t\t<em class=\"sow-sld-icon-thin-right\"><\/em>\n\t\t\t\t\t<\/a>\n\t\t\t\t<\/div>\n\n\t\t\t\t<div class=\"sow-slide-nav sow-slide-nav-prev\">\n\t\t\t\t\t<a href=\"#\" data-goto=\"previous\" aria-label=\"diapositiva anterior\" data-action=\"prev\">\n\t\t\t\t\t\t<em class=\"sow-sld-icon-thin-left\"><\/em>\n\t\t\t\t\t<\/a>\n\t\t\t\t<\/div>\n\t\t\t\t<\/div><\/div><\/div><\/div><\/div><\/div><div id=\"pg-233-1\"  class=\"panel-grid panel-no-style\" ><div id=\"pgc-233-1-0\"  class=\"panel-grid-cell\" ><div id=\"panel-233-1-0-0\" class=\"so-panel widget widget_sow-editor panel-first-child panel-last-child\" data-index=\"1\" ><div\n\t\t\t\n\t\t\tclass=\"so-widget-sow-editor so-widget-sow-editor-base\"\n\t\t\t\n\t\t><h3 class=\"widget-title\">PREHISTORIA<\/h3>\n<div class=\"siteorigin-widget-tinymce textwidget\">\n\t<p>Hay una <strong>\u201cprehistoria\u201d<\/strong> de las Doctrinas Rurales en los \u201ccorralones\u201d de M\u00e1laga donde el Beato Tiburcio Arnaiz S.J.&nbsp; desarroll\u00f3 una intensa labor evangelizadora. Los \u201ccorralones\u201d eran casas de vecinos donde cada familia \u00fanicamente dispon\u00eda, para su intimidad, de una habitaci\u00f3n o dos, alrededor de un gran patio que todos compart\u00edan para guisar, lavar, tender la ropa y otros menesteres. El P. Arnaiz alquilaba, o le prestaban, una de estas estancias y mandaba a algunas de sus dirigidas para tener all\u00ed una escuela improvisada; ense\u00f1aban a leer y escribir a aquellas gentes, nociones de cultura general, y luego divid\u00edan a las mujeres, los hombres y los ni\u00f1os en secciones separadas para ir explic\u00e1ndoles lo m\u00e1s elemental de nuestra fe: que hay Dios y que nos ama hasta el extremo de dar la vida por nosotros, que tenemos alma, la vida eterna\u2026 El Padre se presentaba al cabo de un mes o dos y les predicaba a todos como una Misi\u00f3n. Durante su vida se trabaj\u00f3 as\u00ed en unos veinte corralones, y el cambio obrado en ellos redund\u00f3 en beneficio de la vida social de M\u00e1laga.<\/p>\n<p>Sin embargo, el P. Arnaiz llevaba clavado en el alma el abandono de los campos, y en sus continuas misiones fue madurando un proyecto de evangelizaci\u00f3n nuevo y original en su forma. A Emilia Werner, una de sus primeras colaboradoras, manifest\u00f3 una vez, comentando el trabajo que se hac\u00eda en los corralones: <strong>\u201cEsta no es mi idea. Lo que yo pienso es que sean se\u00f1oritas las que vayan, por el amor de Dios, a poner escuelas temporalmente en los pueblos y lagares\u201d\u2026 \u201cCuando Dios quiere una cosa, todo se hace posible; manda las personas y los medios. Si \u00c9l quiere esto, se har\u00e1 cuando \u00c9l lo tenga dispuesto\u201d.<\/strong><\/p>\n<\/div>\n<\/div><\/div><\/div><div id=\"pgc-233-1-1\"  class=\"panel-grid-cell\" ><div id=\"panel-233-1-1-0\" class=\"so-panel widget widget_sow-slider panel-first-child panel-last-child\" data-index=\"2\" ><div\n\t\t\t\n\t\t\tclass=\"so-widget-sow-slider so-widget-sow-slider-default-6d39609536fd-233\"\n\t\t\t\n\t\t>\t\t\t\t<div class=\"sow-slider-base\" style=\"display: none\" tabindex=\"0\">\n\t\t\t\t\t<ul\n\t\t\t\t\tclass=\"sow-slider-images\"\n\t\t\t\t\tdata-settings=\"{&quot;pagination&quot;:true,&quot;speed&quot;:800,&quot;timeout&quot;:8000,&quot;paused&quot;:false,&quot;pause_on_hover&quot;:false,&quot;swipe&quot;:true,&quot;nav_always_show_desktop&quot;:&quot;&quot;,&quot;nav_always_show_mobile&quot;:&quot;&quot;,&quot;breakpoint&quot;:&quot;780px&quot;,&quot;unmute&quot;:false,&quot;anchor&quot;:null}\"\n\t\t\t\t\t\t\t\t\t\tdata-anchor-id=\"\"\n\t\t\t\t>\t\t<li class=\"sow-slider-image\" style=\"visibility: visible;\" >\n\t\t\t\t\t\t<img loading=\"lazy\" decoding=\"async\" width=\"480\" height=\"600\" src=\"https:\/\/mariaisabel.mdrurales.com\/wp-content\/uploads\/2020\/07\/m\u00e1laga-antigua-e1630502626198.jpg\" class=\"sow-slider-background-image\" alt=\"\" style=\"\" srcset=\"https:\/\/mariaisabel.mdrurales.com\/wp-content\/uploads\/2020\/07\/m\u00e1laga-antigua-e1630502626198.jpg 480w, https:\/\/mariaisabel.mdrurales.com\/wp-content\/uploads\/2020\/07\/m\u00e1laga-antigua-e1630502626198-240x300.jpg 240w\" sizes=\"auto, (max-width: 480px) 100vw, 480px\" \/>\t\t<\/li>\n\t\t\t\t<li class=\"sow-slider-image\" style=\"visibility: hidden;\" >\n\t\t\t\t\t\t<img loading=\"lazy\" decoding=\"async\" width=\"350\" height=\"531\" src=\"https:\/\/mariaisabel.mdrurales.com\/wp-content\/uploads\/2021\/06\/corralon-malaga.jpg\" class=\"sow-slider-background-image\" alt=\"&quot;Corral\u00f3n&quot; o patio de vecinos (M\u00e1laga)\" style=\"\" srcset=\"https:\/\/mariaisabel.mdrurales.com\/wp-content\/uploads\/2021\/06\/corralon-malaga.jpg 350w, https:\/\/mariaisabel.mdrurales.com\/wp-content\/uploads\/2021\/06\/corralon-malaga-198x300.jpg 198w\" sizes=\"auto, (max-width: 350px) 100vw, 350px\" \/>\t\t<\/li>\n\t\t\t\t<li class=\"sow-slider-image\" style=\"visibility: hidden;\" >\n\t\t\t\t\t\t<img loading=\"lazy\" decoding=\"async\" width=\"1254\" height=\"1728\" src=\"https:\/\/mariaisabel.mdrurales.com\/wp-content\/uploads\/2021\/06\/triptico-dones-PA-scaled-e1630417577998.jpg\" class=\"sow-slider-background-image\" alt=\"\" style=\"\" srcset=\"https:\/\/mariaisabel.mdrurales.com\/wp-content\/uploads\/2021\/06\/triptico-dones-PA-scaled-e1630417577998.jpg 1254w, https:\/\/mariaisabel.mdrurales.com\/wp-content\/uploads\/2021\/06\/triptico-dones-PA-scaled-e1630417577998-218x300.jpg 218w, https:\/\/mariaisabel.mdrurales.com\/wp-content\/uploads\/2021\/06\/triptico-dones-PA-scaled-e1630417577998-743x1024.jpg 743w, https:\/\/mariaisabel.mdrurales.com\/wp-content\/uploads\/2021\/06\/triptico-dones-PA-scaled-e1630417577998-768x1058.jpg 768w, https:\/\/mariaisabel.mdrurales.com\/wp-content\/uploads\/2021\/06\/triptico-dones-PA-scaled-e1630417577998-1115x1536.jpg 1115w\" sizes=\"auto, (max-width: 1254px) 100vw, 1254px\" \/>\t\t<\/li>\n\t\t<\/ul>\t\t\t\t<ol class=\"sow-slider-pagination\">\n\t\t\t\t\t\t\t\t\t\t\t<li><a href=\"#\" data-goto=\"0\" aria-label=\"mostrar diapositiva 1\"><\/a><\/li>\n\t\t\t\t\t\t\t\t\t\t\t<li><a href=\"#\" data-goto=\"1\" aria-label=\"mostrar diapositiva 2\"><\/a><\/li>\n\t\t\t\t\t\t\t\t\t\t\t<li><a href=\"#\" data-goto=\"2\" aria-label=\"mostrar diapositiva 3\"><\/a><\/li>\n\t\t\t\t\t\t\t\t\t<\/ol>\n\n\t\t\t\t<div class=\"sow-slide-nav sow-slide-nav-next\">\n\t\t\t\t\t<a href=\"#\" data-goto=\"next\" aria-label=\"diapositiva siguiente\" data-action=\"next\">\n\t\t\t\t\t\t<em class=\"sow-sld-icon-thin-right\"><\/em>\n\t\t\t\t\t<\/a>\n\t\t\t\t<\/div>\n\n\t\t\t\t<div class=\"sow-slide-nav sow-slide-nav-prev\">\n\t\t\t\t\t<a href=\"#\" data-goto=\"previous\" aria-label=\"diapositiva anterior\" data-action=\"prev\">\n\t\t\t\t\t\t<em class=\"sow-sld-icon-thin-left\"><\/em>\n\t\t\t\t\t<\/a>\n\t\t\t\t<\/div>\n\t\t\t\t<\/div><\/div><\/div><\/div><\/div><div id=\"pg-233-2\"  class=\"panel-grid panel-no-style\" ><div id=\"pgc-233-2-0\"  class=\"panel-grid-cell\" ><div id=\"panel-233-2-0-0\" class=\"so-panel widget widget_sow-slider panel-first-child panel-last-child\" data-index=\"3\" ><div\n\t\t\t\n\t\t\tclass=\"so-widget-sow-slider so-widget-sow-slider-default-6d39609536fd-233\"\n\t\t\t\n\t\t>\t\t\t\t<div class=\"sow-slider-base\" style=\"display: none\" tabindex=\"0\">\n\t\t\t\t\t<ul\n\t\t\t\t\tclass=\"sow-slider-images\"\n\t\t\t\t\tdata-settings=\"{&quot;pagination&quot;:true,&quot;speed&quot;:800,&quot;timeout&quot;:8000,&quot;paused&quot;:false,&quot;pause_on_hover&quot;:false,&quot;swipe&quot;:true,&quot;nav_always_show_desktop&quot;:&quot;&quot;,&quot;nav_always_show_mobile&quot;:&quot;&quot;,&quot;breakpoint&quot;:&quot;780px&quot;,&quot;unmute&quot;:false,&quot;anchor&quot;:null}\"\n\t\t\t\t\t\t\t\t\t\tdata-anchor-id=\"\"\n\t\t\t\t>\t\t<li class=\"sow-slider-image\" style=\"visibility: visible;\" >\n\t\t\t\t\t\t<img loading=\"lazy\" decoding=\"async\" width=\"1512\" height=\"2016\" src=\"https:\/\/mariaisabel.mdrurales.com\/wp-content\/uploads\/2020\/07\/IMG_1894-rotated.jpg\" class=\"sow-slider-background-image\" alt=\"\" style=\"\" srcset=\"https:\/\/mariaisabel.mdrurales.com\/wp-content\/uploads\/2020\/07\/IMG_1894-rotated.jpg 1512w, https:\/\/mariaisabel.mdrurales.com\/wp-content\/uploads\/2020\/07\/IMG_1894-225x300.jpg 225w, https:\/\/mariaisabel.mdrurales.com\/wp-content\/uploads\/2020\/07\/IMG_1894-768x1024.jpg 768w, https:\/\/mariaisabel.mdrurales.com\/wp-content\/uploads\/2020\/07\/IMG_1894-1152x1536.jpg 1152w\" sizes=\"auto, (max-width: 1512px) 100vw, 1512px\" \/>\t\t<\/li>\n\t\t\t\t<li class=\"sow-slider-image\" style=\"visibility: hidden;\" >\n\t\t\t\t\t\t<img loading=\"lazy\" decoding=\"async\" width=\"829\" height=\"1250\" src=\"https:\/\/mariaisabel.mdrurales.com\/wp-content\/uploads\/2021\/01\/5.MI-alrededor-de-1909-2-scaled-e1615911193494.jpg\" class=\"sow-slider-background-image\" alt=\"Mar\u00eda Isabel\" style=\"\" srcset=\"https:\/\/mariaisabel.mdrurales.com\/wp-content\/uploads\/2021\/01\/5.MI-alrededor-de-1909-2-scaled-e1615911193494.jpg 829w, https:\/\/mariaisabel.mdrurales.com\/wp-content\/uploads\/2021\/01\/5.MI-alrededor-de-1909-2-scaled-e1615911193494-199x300.jpg 199w, https:\/\/mariaisabel.mdrurales.com\/wp-content\/uploads\/2021\/01\/5.MI-alrededor-de-1909-2-scaled-e1615911193494-679x1024.jpg 679w, https:\/\/mariaisabel.mdrurales.com\/wp-content\/uploads\/2021\/01\/5.MI-alrededor-de-1909-2-scaled-e1615911193494-768x1158.jpg 768w\" sizes=\"auto, (max-width: 829px) 100vw, 829px\" \/>\t\t<\/li>\n\t\t\t\t<li class=\"sow-slider-image\" style=\"visibility: hidden;\" >\n\t\t\t\t\t\t<img loading=\"lazy\" decoding=\"async\" width=\"246\" height=\"281\" src=\"https:\/\/mariaisabel.mdrurales.com\/wp-content\/uploads\/2021\/01\/Vista-de-la-Sierradesde-el-S.-Corazon-2-e1630502790505.jpg\" class=\"sow-slider-background-image\" alt=\"\" style=\"\" \/>\t\t<\/li>\n\t\t<\/ul>\t\t\t\t<ol class=\"sow-slider-pagination\">\n\t\t\t\t\t\t\t\t\t\t\t<li><a href=\"#\" data-goto=\"0\" aria-label=\"mostrar diapositiva 1\"><\/a><\/li>\n\t\t\t\t\t\t\t\t\t\t\t<li><a href=\"#\" data-goto=\"1\" aria-label=\"mostrar diapositiva 2\"><\/a><\/li>\n\t\t\t\t\t\t\t\t\t\t\t<li><a href=\"#\" data-goto=\"2\" aria-label=\"mostrar diapositiva 3\"><\/a><\/li>\n\t\t\t\t\t\t\t\t\t<\/ol>\n\n\t\t\t\t<div class=\"sow-slide-nav sow-slide-nav-next\">\n\t\t\t\t\t<a href=\"#\" data-goto=\"next\" aria-label=\"diapositiva siguiente\" data-action=\"next\">\n\t\t\t\t\t\t<em class=\"sow-sld-icon-thin-right\"><\/em>\n\t\t\t\t\t<\/a>\n\t\t\t\t<\/div>\n\n\t\t\t\t<div class=\"sow-slide-nav sow-slide-nav-prev\">\n\t\t\t\t\t<a href=\"#\" data-goto=\"previous\" aria-label=\"diapositiva anterior\" data-action=\"prev\">\n\t\t\t\t\t\t<em class=\"sow-sld-icon-thin-left\"><\/em>\n\t\t\t\t\t<\/a>\n\t\t\t\t<\/div>\n\t\t\t\t<\/div><\/div><\/div><\/div><div id=\"pgc-233-2-1\"  class=\"panel-grid-cell\" ><div id=\"panel-233-2-1-0\" class=\"so-panel widget widget_sow-editor panel-first-child panel-last-child\" data-index=\"4\" ><div\n\t\t\t\n\t\t\tclass=\"so-widget-sow-editor so-widget-sow-editor-base\"\n\t\t\t\n\t\t><h3 class=\"widget-title\">ENCUENTRO PROVIDENCIAL<\/h3>\n<div class=\"siteorigin-widget-tinymce textwidget\">\n\t<p>La hora en el reloj de Dios son\u00f3 cuando visit\u00f3 por primera vez la Sierra de Gibralgalia (M\u00e1laga). Mientras predicaba una misi\u00f3n en Pizarra, subi\u00f3 a Gibralmoro, monte que domina todo el pueblo, para la bendici\u00f3n de un monumento al Coraz\u00f3n de Jes\u00fas, desde esta altura divis\u00f3 las casitas de la Sierra; al o\u00edr que viv\u00edan all\u00ed varios cientos de personas muy abandonadas en todos los sentidos, all\u00e1 se encamin\u00f3. No ten\u00edan iglesia, ni carretera, s\u00f3lo un&nbsp; mal camino de caballer\u00eda&nbsp; para acceder. Pas\u00f3 en la Sierra un d\u00eda y una noche sin descanso, y la gente buena y sencilla se volc\u00f3, recibiendo la primera Comuni\u00f3n casi todo el pueblo.<\/p>\n<p>Al llegar a M\u00e1laga, con el coraz\u00f3n consolado por lo que hab\u00eda vivido, y destrozado a la vez, pensando en tantos que no conoc\u00edan a Jes\u00fas, simplemente porque nadie se lo anunciaba, se encontr\u00f3, por la providencia de Dios, con Mar\u00eda Isabel Gonz\u00e1lez del Valle.<\/p>\n<p>Mar\u00eda Isabel acababa de recibir hac\u00eda unos meses una gracia \"tumbativa\" y desde entonces buscaba \"hallar la voluntad de Dios en su vida\". Ella se sent\u00eda llamada a irse <strong>\u201cpor esos pueblos de Dios, con su casina a cuestas, dando a conocer a todos, el Padre que tenemos\u201d<\/strong>. Despu\u00e9s de varias consultas y tentativas en algunos institutos religiosos sin encontrar en ellos su vocaci\u00f3n, estaba decidida a marcharse a las islas Carolinas, pero cuando el P. Arnaiz le propuso subir a aquella alde\u00edta \u201cque estaba peor que el Jap\u00f3n\u201d, Mar\u00eda Isabel, al momento, manifest\u00f3 su incondicional disposici\u00f3n para comenzar cuanto antes.<\/p>\n<\/div>\n<\/div><\/div><\/div><\/div><div id=\"pg-233-3\"  class=\"panel-grid panel-no-style\" ><div id=\"pgc-233-3-0\"  class=\"panel-grid-cell\" ><div id=\"panel-233-3-0-0\" class=\"so-panel widget widget_sow-editor panel-first-child panel-last-child\" data-index=\"5\" ><div\n\t\t\t\n\t\t\tclass=\"so-widget-sow-editor so-widget-sow-editor-base\"\n\t\t\t\n\t\t><h3 class=\"widget-title\">PRIMERA DOCTRINA<\/h3>\n<div class=\"siteorigin-widget-tinymce textwidget\">\n\t<p>Sin embargo todav\u00eda hubieron de esperar un a\u00f1o, hasta enero de 1922, porque no encontraban a nadie que quisiese acompa\u00f1arla, pues era algo inusitado en aquel tiempo y tan atrevido, que se levant\u00f3 una polvareda de cr\u00edticas al Padre por su celo \u201cdesmesurado\u201d y \u201ctemerario\u201d, ya que las que fueron,&nbsp; quedaron privadas del consuelo de la Misa diaria y la frecuencia de los sacramentos. Aquel \u201cdisparate\u201d s\u00f3lo lo entendieron algunos, como el P. Ca\u00f1ete, entonces Provincial de la Compa\u00f1\u00eda de Jes\u00fas en Andaluc\u00eda; \u00e9l dec\u00eda que aquello era \u201cdejar a Dios por Dios\u201d y tambi\u00e9n lo entendi\u00f3 el santo obispo D. Manuel Gonz\u00e1lez, que al mes de estar Mar\u00eda Isabel y sus compa\u00f1eras en la Sierra, les concedi\u00f3 permiso para tener con ellas el Sant\u00edsimo Sacramento.<\/p>\n<p>En una choza, arreglada con lo m\u00e1s preciado que ten\u00edan las que subieron, pusieron al Se\u00f1or y, con el ritmo de clases, catecismos y vida espiritual que les marc\u00f3 el P. Arnaiz, comenz\u00f3 <strong>\u201cla historia\u201d<\/strong> de la Obra de las Doctrinas Rurales.<\/p>\n<p>&nbsp;&nbsp;&nbsp;&nbsp; \u201c\u2026 tres clases diarias. Por la ma\u00f1ana de 9 a 11 para los ni\u00f1os. Por la tarde de 3 a 5 para las ni\u00f1as y luego las mocitas; y por la noche de 8 a 10 a los hombres.<\/p>\n<p>&nbsp;&nbsp;&nbsp;&nbsp; A todos se ense\u00f1aba lo mismo: doctrina, lectura, escritura y cuentas. Se hac\u00edan cuatro secciones de media hora; cada maestra ense\u00f1aba una cosa y pasaban todas las secciones por todas.<\/p>\n<p>En vida del P. Arnaiz&nbsp; se tuvieron veinte \u201cDoctrinas\u201d (as\u00ed llamaban a la estancia de las catequistas m\u00e1s o menos larga en los pueblos o cortijadas).<\/p>\n<p>Mar\u00eda Isabel se entreg\u00f3 de por vida a esta Obra pues hab\u00eda dado con lo que Dios quer\u00eda de ella, y tras la muerte del Padre, fue ella la que la consolid\u00f3 con grandes sufrimientos y contradicciones, pues muchos quisieron \u201credirigirla\u201d, con retoques en algunos puntos que la pusiesen m\u00e1s a tono con la concepci\u00f3n ordinaria de vida religiosa (noviciado, votos, casa fijas,...)<\/p>\n<p>No pensaba el P. Arnaiz&nbsp; ni Mar\u00eda Isabel en ninguna fundaci\u00f3n religiosa, simplemente, uno y otro, concibieron una forma de vida y de entrega al Se\u00f1or que tuviese toda la flexibilidad necesaria y la libertad de movimientos que tiene un seglar que vive de sus propias rentas y es due\u00f1o de su tiempo para emplearlo en el apostolado, sin m\u00e1s trabas que las indispensables a todo cat\u00f3lico deseoso de perfecci\u00f3n en la vida apost\u00f3lica.<\/p>\n<\/div>\n<\/div><\/div><\/div><div id=\"pgc-233-3-1\"  class=\"panel-grid-cell\" ><div id=\"panel-233-3-1-0\" class=\"so-panel widget widget_sow-slider panel-first-child\" data-index=\"6\" ><div\n\t\t\t\n\t\t\tclass=\"so-widget-sow-slider so-widget-sow-slider-default-6d39609536fd-233\"\n\t\t\t\n\t\t>\t\t\t\t<div class=\"sow-slider-base\" style=\"display: none\" tabindex=\"0\">\n\t\t\t\t\t<ul\n\t\t\t\t\tclass=\"sow-slider-images\"\n\t\t\t\t\tdata-settings=\"{&quot;pagination&quot;:true,&quot;speed&quot;:800,&quot;timeout&quot;:8000,&quot;paused&quot;:false,&quot;pause_on_hover&quot;:false,&quot;swipe&quot;:true,&quot;nav_always_show_desktop&quot;:&quot;&quot;,&quot;nav_always_show_mobile&quot;:&quot;&quot;,&quot;breakpoint&quot;:&quot;780px&quot;,&quot;unmute&quot;:false,&quot;anchor&quot;:null}\"\n\t\t\t\t\t\t\t\t\t\tdata-anchor-id=\"\"\n\t\t\t\t>\t\t<li class=\"sow-slider-image\" style=\"visibility: visible;\" >\n\t\t\t\t\t\t<img loading=\"lazy\" decoding=\"async\" width=\"1722\" height=\"2377\" src=\"https:\/\/mariaisabel.mdrurales.com\/wp-content\/uploads\/2020\/07\/MI-1923-Montecorto-Leonor-y-MI-Sra-del-notario-izq-1.jpg\" class=\"sow-slider-background-image\" alt=\"Mar\u00eda Isabel en Montecorto (M\u00e1laga),1923. A su lado, Leonor Werner, atr\u00e1s Ana Mar\u00eda, mujer del notario de Algodonales y Rosario Merencio\" style=\"\" srcset=\"https:\/\/mariaisabel.mdrurales.com\/wp-content\/uploads\/2020\/07\/MI-1923-Montecorto-Leonor-y-MI-Sra-del-notario-izq-1.jpg 1722w, https:\/\/mariaisabel.mdrurales.com\/wp-content\/uploads\/2020\/07\/MI-1923-Montecorto-Leonor-y-MI-Sra-del-notario-izq-1-217x300.jpg 217w, https:\/\/mariaisabel.mdrurales.com\/wp-content\/uploads\/2020\/07\/MI-1923-Montecorto-Leonor-y-MI-Sra-del-notario-izq-1-742x1024.jpg 742w, https:\/\/mariaisabel.mdrurales.com\/wp-content\/uploads\/2020\/07\/MI-1923-Montecorto-Leonor-y-MI-Sra-del-notario-izq-1-768x1060.jpg 768w, https:\/\/mariaisabel.mdrurales.com\/wp-content\/uploads\/2020\/07\/MI-1923-Montecorto-Leonor-y-MI-Sra-del-notario-izq-1-1113x1536.jpg 1113w, https:\/\/mariaisabel.mdrurales.com\/wp-content\/uploads\/2020\/07\/MI-1923-Montecorto-Leonor-y-MI-Sra-del-notario-izq-1-1484x2048.jpg 1484w\" sizes=\"auto, (max-width: 1722px) 100vw, 1722px\" \/>\t\t<\/li>\n\t\t\t\t<li class=\"sow-slider-image\" style=\"visibility: hidden;\" >\n\t\t\t\t\t\t<img loading=\"lazy\" decoding=\"async\" width=\"1317\" height=\"1658\" src=\"https:\/\/mariaisabel.mdrurales.com\/wp-content\/uploads\/2020\/07\/Dando-clase-en-una-cortijada-e1630503208947.jpg\" class=\"sow-slider-background-image\" alt=\"Clase de alfabetizaci\u00f3n en una Doctrinas\" style=\"\" srcset=\"https:\/\/mariaisabel.mdrurales.com\/wp-content\/uploads\/2020\/07\/Dando-clase-en-una-cortijada-e1630503208947.jpg 1317w, https:\/\/mariaisabel.mdrurales.com\/wp-content\/uploads\/2020\/07\/Dando-clase-en-una-cortijada-e1630503208947-238x300.jpg 238w, https:\/\/mariaisabel.mdrurales.com\/wp-content\/uploads\/2020\/07\/Dando-clase-en-una-cortijada-e1630503208947-813x1024.jpg 813w, https:\/\/mariaisabel.mdrurales.com\/wp-content\/uploads\/2020\/07\/Dando-clase-en-una-cortijada-e1630503208947-768x967.jpg 768w, https:\/\/mariaisabel.mdrurales.com\/wp-content\/uploads\/2020\/07\/Dando-clase-en-una-cortijada-e1630503208947-1220x1536.jpg 1220w\" sizes=\"auto, (max-width: 1317px) 100vw, 1317px\" \/>\t\t<\/li>\n\t\t\t\t<li class=\"sow-slider-image\" style=\"visibility: hidden;\" >\n\t\t\t\t\t\t<img loading=\"lazy\" decoding=\"async\" width=\"1512\" height=\"2291\" src=\"https:\/\/mariaisabel.mdrurales.com\/wp-content\/uploads\/2021\/06\/TARRAGONA-Capilla-misioneras.jpg\" class=\"sow-slider-background-image\" alt=\"Capilla de las Misioneras\" style=\"\" srcset=\"https:\/\/mariaisabel.mdrurales.com\/wp-content\/uploads\/2021\/06\/TARRAGONA-Capilla-misioneras.jpg 1512w, https:\/\/mariaisabel.mdrurales.com\/wp-content\/uploads\/2021\/06\/TARRAGONA-Capilla-misioneras-198x300.jpg 198w, https:\/\/mariaisabel.mdrurales.com\/wp-content\/uploads\/2021\/06\/TARRAGONA-Capilla-misioneras-676x1024.jpg 676w, https:\/\/mariaisabel.mdrurales.com\/wp-content\/uploads\/2021\/06\/TARRAGONA-Capilla-misioneras-768x1164.jpg 768w, https:\/\/mariaisabel.mdrurales.com\/wp-content\/uploads\/2021\/06\/TARRAGONA-Capilla-misioneras-1014x1536.jpg 1014w, https:\/\/mariaisabel.mdrurales.com\/wp-content\/uploads\/2021\/06\/TARRAGONA-Capilla-misioneras-1352x2048.jpg 1352w\" sizes=\"auto, (max-width: 1512px) 100vw, 1512px\" \/>\t\t<\/li>\n\t\t<\/ul>\t\t\t\t<ol class=\"sow-slider-pagination\">\n\t\t\t\t\t\t\t\t\t\t\t<li><a href=\"#\" data-goto=\"0\" aria-label=\"mostrar diapositiva 1\"><\/a><\/li>\n\t\t\t\t\t\t\t\t\t\t\t<li><a href=\"#\" data-goto=\"1\" aria-label=\"mostrar diapositiva 2\"><\/a><\/li>\n\t\t\t\t\t\t\t\t\t\t\t<li><a href=\"#\" data-goto=\"2\" aria-label=\"mostrar diapositiva 3\"><\/a><\/li>\n\t\t\t\t\t\t\t\t\t<\/ol>\n\n\t\t\t\t<div class=\"sow-slide-nav sow-slide-nav-next\">\n\t\t\t\t\t<a href=\"#\" data-goto=\"next\" aria-label=\"diapositiva siguiente\" data-action=\"next\">\n\t\t\t\t\t\t<em class=\"sow-sld-icon-thin-right\"><\/em>\n\t\t\t\t\t<\/a>\n\t\t\t\t<\/div>\n\n\t\t\t\t<div class=\"sow-slide-nav sow-slide-nav-prev\">\n\t\t\t\t\t<a href=\"#\" data-goto=\"previous\" aria-label=\"diapositiva anterior\" data-action=\"prev\">\n\t\t\t\t\t\t<em class=\"sow-sld-icon-thin-left\"><\/em>\n\t\t\t\t\t<\/a>\n\t\t\t\t<\/div>\n\t\t\t\t<\/div><\/div><\/div><div id=\"panel-233-3-1-1\" class=\"so-panel widget widget_sow-editor panel-last-child\" data-index=\"7\" ><div\n\t\t\t\n\t\t\tclass=\"so-widget-sow-editor so-widget-sow-editor-base\"\n\t\t\t\n\t\t>\n<div class=\"siteorigin-widget-tinymce textwidget\">\n\t<p>&nbsp;<\/p>\n<p>Mar\u00eda Isabel se sinti\u00f3 llamada por el Se\u00f1or a la instrucci\u00f3n humana y cristiana de los m\u00e1s abandonados, material y moralmente. Ese era el punto firme de su vocaci\u00f3n, como lo era que tal apostolado hab\u00eda de ejercitarlo sin m\u00e1s trabas que las de la moral y el dogma y la obediencia eclesi\u00e1stica com\u00fan a todos los fieles. Le parec\u00edan los pobres los m\u00e1s abandonados porque, aunque quisieran, no pod\u00edan tener a su alcance los medios que los ricos tienen para todas sus necesidades espirituales.<\/p>\n<p>En resumen, la Obra de las Doctrinas Rurales seg\u00fan la vivieron los fundadores no tiene otra estabilidad, ni defensa, ni ideal que el de darse totalmente a Jesucristo en los pr\u00f3jimos m\u00e1s desasistidos espiritual, moral, social y materialmente, en los campos y suburbios, sin otros l\u00edmites, como se ha dicho, que los del sentido com\u00fan cristiano y la indispensable coordinaci\u00f3n de los trabajos y la vida de comunidad.<\/p>\n<\/div>\n<\/div><\/div><\/div><\/div><\/div>","protected":false},"excerpt":{"rendered":"<p>Hay una \u201cprehistoria\u201d de las Doctrinas Rurales en los \u201ccorralones\u201d de M\u00e1laga donde el Beato Tiburcio Arnaiz S.J.&nbsp; desarroll\u00f3 una intensa labor evangelizadora. Los \u201ccorralones\u201d eran casas de vecinos donde cada familia \u00fanicamente dispon\u00eda, para su intimidad, de una habitaci\u00f3n o dos, alrededor de un gran patio que todos compart\u00edan para guisar, lavar, tender la [&hellip;]<\/p>\n","protected":false},"author":1,"featured_media":140,"parent":0,"menu_order":0,"comment_status":"closed","ping_status":"closed","template":"","meta":{"ngg_post_thumbnail":0,"footnotes":""},"class_list":["post-233","page","type-page","status-publish","has-post-thumbnail","hentry","post","post-with-thumbnail","post-with-thumbnail-large"],"_links":{"self":[{"href":"https:\/\/mariaisabel.mdrurales.com\/index.php?rest_route=\/wp\/v2\/pages\/233","targetHints":{"allow":["GET"]}}],"collection":[{"href":"https:\/\/mariaisabel.mdrurales.com\/index.php?rest_route=\/wp\/v2\/pages"}],"about":[{"href":"https:\/\/mariaisabel.mdrurales.com\/index.php?rest_route=\/wp\/v2\/types\/page"}],"author":[{"embeddable":true,"href":"https:\/\/mariaisabel.mdrurales.com\/index.php?rest_route=\/wp\/v2\/users\/1"}],"replies":[{"embeddable":true,"href":"https:\/\/mariaisabel.mdrurales.com\/index.php?rest_route=%2Fwp%2Fv2%2Fcomments&post=233"}],"version-history":[{"count":31,"href":"https:\/\/mariaisabel.mdrurales.com\/index.php?rest_route=\/wp\/v2\/pages\/233\/revisions"}],"predecessor-version":[{"id":839,"href":"https:\/\/mariaisabel.mdrurales.com\/index.php?rest_route=\/wp\/v2\/pages\/233\/revisions\/839"}],"wp:featuredmedia":[{"embeddable":true,"href":"https:\/\/mariaisabel.mdrurales.com\/index.php?rest_route=\/wp\/v2\/media\/140"}],"wp:attachment":[{"href":"https:\/\/mariaisabel.mdrurales.com\/index.php?rest_route=%2Fwp%2Fv2%2Fmedia&parent=233"}],"curies":[{"name":"wp","href":"https:\/\/api.w.org\/{rel}","templated":true}]}}